11, what is -2a8 - -655?
358
In base 3, what is 2022200 + 10102210?
12202110
In base 3, what is 10021212 - 12111210?
-2012221
In base 11, what is 19 - -295073?
295091
In base 4, what is 3033201122012 - 12?
3033201122000
In base 10, what is 14124 - 10137?
3987
In base 6, what is 111215 - -1103?
112322
In base 16, what is 9408 - -3a?
9442
In base 2, what is -1100000010011 - 100000000110010001?
-100001100110100100
In base 15, what is -35e808 - 0?
-35e808
In base 12, what is -a279b0b + -1?
-a279b10
In base 3, what is -202122101110100 - 10?
-202122101110110
In base 4, what is -33 + -3101322330?
-3101323023
In base 3, what is -200002011 - 10211210?
-210220221
In base 15, what is 1804 + -22b6b?
-21367
In base 3, what is 2020 + -200100010202000?
-200100010122210
In base 3, what is -210 - -2100201102222?
2100201102012
In base 5, what is 303311140 - -320?
303312010
In base 16, what is -17 + -1f2d79?
-1f2d90
In base 3, what is 210121220200211 - -12?
210121220201000
In base 6, what is -450 - -1132442?
1131552
In base 5, what is 43033434104 + 2?
43033434111
In base 6, what is -4440 + 100531?
52051
In base 9, what is 13 - 57311745?
-57311732
In base 3, what is 1 + 1111112010012021?
1111112010012022
In base 16, what is 8 - 6db63?
-6db5b
In base 13, what is 3 - ac57587?
-ac57584
In base 13, what is -142a + 112?
-1318
In base 7, what is 1 - 10456401?
-10456400
In base 14, what is 11 - 1115866?
-1115855
In base 11, what is -1 + -268652aa?
-26865300
In base 10, what is 12734385 - 5?
12734380
In base 3, what is -20212202122100 - -102?
-20212202121221
In base 9, what is 15456 - 5361?
10085
In base 4, what is -213322212 + 1023200?
-212233012
In base 13, what is a8187 + a5?
a825c
In base 11, what is -16 - 53140?
-53156
In base 2, what is -110001 - -100110110101010110001?
100110110101010000000
In base 16, what is -2 - -a018d38?
a018d36
In base 12, what is 60a + 1153?
1761
In base 16, what is 59 + 1b48c7?
1b4920
In base 5, what is 0 + -22301303411?
-22301303411
In base 16, what is -3596b + -18f?
-35afa
In base 4, what is -210303323 - -1220?
-210302103
In base 4, what is -23220310010 - -233?
-23220303111
In base 2, what is -11000011100 + -100010101000101?
-100101101100001
In base 8, what is -372515120 + 4?
-372515114
In base 7, what is 6651 + 320505?
330456
In base 11, what is 15a - 4792?
-4633
In base 16, what is -78 + edf1?
ed79
In base 14, what is 4 - a2519?
-a2515
In base 12, what is 274 + -37449?
-37195
In base 12, what is -1 + -4485901?
-4485902
In base 7, what is -46 + -155413?
-155462
In base 13, what is 32cbc2 + 15?
32cc07
In base 13, what is 5 - 124a20?
-124a18
In base 8, what is 1575 + 460643?
462440
In base 13, what is -7cc + b282?
a783
In base 9, what is 104 + 4162715?
4162820
In base 4, what is -3 - -12022010122?
12022010113
In base 5, what is 430024440111 - 2?
430024440104
In base 12, what is -4426 + -839?
-5063
In base 7, what is 253 - -11231355?
11231641
In base 8, what is -5157 + -23554?
-30733
In base 8, what is 4004371 - 6?
4004363
In base 7, what is -1000 + -131333?
-132333
In base 3, what is -11010212010210 - 10?
-11010212010220
In base 5, what is -1 - -444123320?
444123314
In base 6, what is 1120105 - -230030?
1350135
In base 10, what is -3 + -15561452?
-15561455
In base 9, what is -248046143 + 4?
-248046138
In base 8, what is 11 - 22772370?
-22772357
In base 2, what is 1 - -1001110011110111001001?
1001110011110111001010
In base 13, what is -25135 - -26?
-2510c
In base 11, what is -12288913 + -5?
-12288918
In base 13, what is -1a + 1655cab?
1655c91
In base 12, what is -4 + 7a05b4?
7a05b0
In base 15, what is 162 - -6b15?
6c77
In base 8, what is -1117167 - 7?
-1117176
In base 5, what is -1232241 + -1121134?
-2403430
In base 10, what is -15158 - 1288?
-16446
In base 4, what is -21 - -10220230230?
10220230203
In base 6, what is 51243403 - -35?
51243442
In base 16, what is 136c + 93?
13ff
In base 7, what is 1161 - -425552?
430043
In base 4, what is 3111020 - -33123?
3210203
In base 4, what is -1201222312 - -331?
-1201221321
In base 9, what is 443586 + -7?
443578
In base 9, what is -1 + -352242675?
-352242676
In base 8, what is 22513 - -736?
23451
In base 9, what is -373 + -2162503?
-2162876
In base 7, what is -106404 + 2015?
-104356
In base 8, what is 12445 - -4701?
17346
In base 5, what is -11403 - 11323321?
-11340224
In base 9, what is 3 - -301268?
301272
In base 3, what is -100212202 - 2021111?
-110011020
In base 15, what is -59890 + 2d6?
-595a9
In base 3, what is 21101221202202 - 2?
21101221202200
In base 6, what is -3503035 + -312?
-3503351
In base 9, what is -68533 - -248?
-68274
In base 4, what is -3 + -212011332213?
-212011332222
In base 15, what is 1165b - d49?
10812
In base 11, what is 37462 + 10?
37472
In base 12, what is -43 + 86b1?
866a
In base 12, what is a87 + b39bb?
b4886
In base 10, what is -4 + -2892770?
-2892774
In base 2, what is 1 - 1100001010011111011011011110?
-1100001010011111011011011101
In base 2, what is 1001001000010 + -111110100?
1000001001110
In base 3, what is -2101012020220220 + -12?
-2101012020221002
In base 14, what is -1 + -13da7d0?
-13da7d1
In base 12, what is -3864b6 + -29?
-386523
In base 14, what is -23c14 - -47?
-23bab
In base 9, what is 11156874 - -51?
11157035
In base 8, what is 12 + 624305?
624317
In base 12, what is 20ab62 + -12?
20ab50
In base 16, what is -53d0 - 3e?
-540e
In base 7, what is 0 + 5136414?
5136414
In base 9, what is -5 + 104301446?
104301441
In base 13, what is 17 - 1156c?
-11555
In base 8, what is 2 - -2145514?
2145516
In base 13, what is 72ab - -785?
7a63
In base 7, what is -53460 + -356?
-54146
In base 9, what is 2037718 + -2?
2037716
In base 13, what is 238 + 13a18?
13c53
In base 10, what is -121576 + 26?
-121550
In base 10, what is 37625407 + 6?
37625413
In base 7, what is -105 + -136615?
-140023
In base 10, what is -2 - -12612799?
12612797
In base 4, what is -1203 + -33303313013?
-33303320222
In base 11, what is -4004 + 1886?
-2229
In base 7, what is -3464240 - 16?
-3464256
In base 5, what is 1 + 401414214?
401414220
In base 6, what is -105223253 + -4?
-105223301
In base 8, what is 3 - 66025532?
-66025527
In base 13, what is 5b5 + -9993?
-93ab
In base 10, what is 4544371 - -1?
4544372
In base 5, what is 12 + 301112403?
301112420
In base 8, what is 2 - -10777131?
10777133
In base 4, what is -113133020331 - -100?
-113133020231
In base 14, what is 1b - -3b334?
3b351
In base 13, what is 400a + -274b?
158c
In base 2, what is 11 + 1011010011111111111100?
1011010011111111111111
In base 12, what is -67a9 + 1990?
-4a19
In base 14, what is 3 + cdb447?
cdb44a
In base 10, what is 4 + 194493041?
194493045
In base 11, what is -1 + -39a489?
-39a48a
In base 13, what is 325a241 + -4?
325a23a
In base 10, what is 107290 + -9784?
97506
In base 16, what is 80 - 92e2e3?
-92e263
In base 15, what is -5 + 1302a0b?
1302a06
In base 13, what is 1a9 + 1a9614?
1a97c0
In base 13, what is 15 - 142049?
-142034
In base 16, what is -626cbe5 + 1?
-626cbe4
In base 10, what is 490475 - -3?
490478
In base 10, what is 4421 - 17?
4404
In base 6, what is -2 + 33423314?
33423312
In base 10, what is -890 + 17112?
16222
In base 9, what is 4665 - 343?
4322
In base 11, what is -2 - -268a326?
268a324
In base 5, what is 1212221100 - -3333?
1212224433
In base 16, what is 769e4 + -3?
769e1
In base 6, what is 2 + 1450231012?
1450231014
In base 7, what is 1123354 + -36?
1123315
In base 3, what is -2000212220100100210 + -2?
-2000212220100100212
In base 12, what is 1b03889b - 10?
1b03888b
In base 4, what is 101002123102301 + 1?
101002123102302
In base 4, what is -111232002222 - 132?
-111232003020
In base 2, what is 100101000001110111 - -100101100?
100101000110100011
In base 12, what is 155 + 11a301?
11a456
In base 3, what is -2112202 + 122221002112?
122211112210
In base 8, what is 77654 - 3331?
74323
In base 4, what is -11332222 - 23021?
-12021303
In base 7, what is -352332 + 103?
-352226
In base 3, what is 220122211 + -11212202121?
-10222002210
In base 4, what is 10012333332312 - -3?
10012333332321
In base 16, what is 5 - -604ed5?
604eda
In base 16, what is -22da5 + 6?
-22d9f
In base 2, what is 1010 + -10100011101010111101101000?
-10100011101010111101011110
In base 2, what is 1010011000001110110 + -11100000?
1010010111110010110
In bas